3 + 8*u + 0*u**2. Let c be k(-4). Is ((-11)/(-4))/(3/c) prime?
False
Let k(h) be the second derivative of -11*h**3/6 - 3*h. Is k(-1) a composite number?
False
Let a(r) = r**3 - 5*r**2 - r - 6. Let s be a(6). Suppose 4*j + 0*k = 2*k - 62, -5*j - 5*k = 55. Let f = s + j. Is f composite?
True
Suppose -3*w = -2*w + 4*k - 317, k = -w + 326. Is w a prime number?
False
Let r(x) = x**2 + 9*x + 10. Let y be r(14). Suppose -n = n - y. Is n a prime number?
False
Let d = 4 + -3. Let i be (1 - 1)/(-2 + d). Suppose i = 4*x - 0*x - 60. Is x composite?
True
Suppose 357 = w - 2*g, 2*w - 734 = 4*g - 5*g. Let q be 0 + (0 - -3) + 235. Let a = w - q. Is a a composite number?
False
Suppose -4*b - a + 25 = 0, 5*a - 30 = -b - 0*a. Suppose -b*y + 84 = -206. Is y a composite number?
True
Let c(g) = -g**2 + 8*g + 7. Let z be c(7). Let p = z + 17. Is p a composite number?
False
Let w(n) = -1684*n + 3. Is w(-2) prime?
True
Suppose 4*k - 3 - 5 = 0. Suppose -u + k*u = 0. Is (-1 + u)/(1/(-127)) prime?
True
Let w = 818 - 399. Is w a prime number?
True
Let m = -115 + 204. Is m prime?
True
Let z(j) = -j**2 - 3*j + 2. Let v be z(-3). Suppose v*g - 3*r - 189 = 0, 4*g + r = -g + 464. Is g prime?
False
Let s be 9/4 - (-3)/(-12). Suppose 5 = s*u - 1. Is (-5 + u)/((-2)/31) a prime number?
True
Let v be 2*4*315/12. Suppose 2*z = -4*y + v, -236 - 325 = -5*z - y. Is z composite?
False
Suppose -2*k - k - 1018 = -5*v, -5*v = -k - 1016. Is v a composite number?
True
Is 0 - (4 + -6) - -1071 a composite number?
True
Let t be 2 - 1 - 1/(-1). Suppose 0 = 3*r + t*r - 385. Is r composite?
True
Is -2*(2933/(-2) + -3) prime?
True
Let i = 89 + -175. Let r = i - -121. Is r prime?
False
Let v = 8 + -14. Let z(y) = -y - 3. Let u be z(v). Suppose b - u*i + 5 = -3, 4*b - i - 23 = 0. Is b a prime number?
True
Let t = 10 + 93. Is t a composite number?
False
Let l(u) = -u**3 - 6*u - 6. Is l(-7) composite?
False
Is (132/(-16) - -1)*-76 a composite number?
True
Suppose -k - 5*p = -619, 2*k + 3005 = 7*k - 5*p. Suppose -k = -i + 173. Suppose i = -3*r + 6*r. Is r prime?
False
Let f = -332 + 592. Is f + (2 - (-20)/(-4)) a prime number?
True
Suppose 0 = -4*c + 8 - 0. Is (-146 - (1 + c))*-1 prime?
True
Suppose 4*q + 582 = w, -2*w = q - 477 - 696. Suppose 0 = 2*k + 164 - w. Is k prime?
True
Suppose 605 = -s + 2*s. Let c = -236 + s. Suppose 4*y = 5*d + c + 71, -2*y = -5*d - 210. Is y a composite number?
True
Let a(s) = -9*s - 7. Let b be (-96)/15 - (-4)/10. Is a(b) a prime number?
True
Let f(u) = 6*u**3 - 2*u - 1. Let b be f(-1). Let l = -6 - b. Let q(r) = -35*r**3 + r + 1. Is q(l) prime?
False
Suppose 3*q + 5*q = 2776. Is q a composite number?
False
Let c be 0 + 0 - (-4 - -2). Suppose 4*l = c*l. Let o(g) = g**3 - g + 26. Is o(l) composite?
True
Is 0 + ((-4)/(-6) - (-10025)/15) a prime number?
False
Suppose -355 = -o + 2*d, -5*d = -0*o - 5*o + 1755. Is o prime?
True
Let r(h) = 2*h**2 + 2*h + 8. Suppose -w + 16 = 3*k, -k - 5*w - 2 = 2. Let a be r(k). Suppose a = 4*i + 2*v, -7*i - 5*v + 120 = -2*i. Is i prime?
False
Let v(k) = 11*k**2 - k - 17. Is v(5) a prime number?
False
Let y = 17 + -12. Let a = y + -4. Is (12/(-9) + a)*-399 prime?
False
Suppose 4*h + 4*u - 3124 = -0*h, 2*h + 4*u - 1568 = 0. Is h prime?
False
Let c(g) = -g + 256. Let s be c(0). Suppose -5*d - 1 = -s. Is d prime?
False
Let m(i) = 2*i**2 + 3*i**2 + 5*i**2 - 1 + 6*i**2 - i. Let o be m(4). Let f = o - 154. Is f composite?
False
Suppose -3*r + 8*r - 960 = 0. Let u = -61 + r. Is u a composite number?
False
Let p(r) = 12*r - 17. Suppose -m - 191 = -5*g - 4*m, 3*g - 123 = m. Suppose 0 = -4*l + g + 8. Is p(l) a composite number?
False
Let b = 9 + -16. Let j = 21 + b. Is j a prime number?
False
Let n = -300 - -165. Let h be n/2 - (-2)/4. Is h/(-3*1 + 2) composite?
False
Is 57/12*186*(-4)/(-6) composite?
True
Let u = -84 - -51. Let n = 23 + -78. Let z = u - n. Is z a composite number?
True
Suppose 5*l = -0*l. Let z = 174 + 14. Suppose -4*b + z = -l*b. Is b composite?
False
Let o(n) = -5*n + 38. Is o(-16) a composite number?
True
Suppose 6*u + 308 = 10*u. Is u composite?
True
Suppose 7*c = -78 + 8009. Is c a prime number?
False
Let s(m) = 7*m**2 + m + 7*m**3 - 2*m**3 + 1 - 6*m**3. Let x = -7 + 11. Is s(x) composite?
False
Let m(i) = -i**3 - 8*i**2 + 3*i - 3. Let g(a) = a**3 + 4*a**2 + 2*a + 1. Let w be g(-4). Let u be m(w). Let v = u + 104. Is v a prime number?
True
Let y = -28 + 81. Is y a prime number?
True
Let h = 193 + -323. Let s = h - -279. Is s prime?
True
Let r(h) = 97*h**2 + 3*h + 21. Is r(-4) a prime number?
False
Let t(v) = 10 + 9*v + 15*v**2 - v**3 - 16*v - 10*v. Is t(11) a prime number?
True
Let k(z) = -z + 4. Let g be k(3). Let u(b) = 10*b. Is u(g) prime?
False
Let w = -179 - -4639. Suppose -4*c = -0*c - w. Is c a composite number?
True
Let b = -198 + 485. Is b a composite number?
True
Let s be (-2 + 3 - 5)/2. Is 4/(-8)*139*s a prime number?
True
Let u(n) = -67*n**3 + n**2 - 1. Suppose 2*y = -y - 18. Let b = -7 - y. Is u(b) prime?
True
Suppose 43548 = -9*g + 21*g. Is g composite?
True
Let t = 540 + -169. Is t a prime number?
False
Suppose m + 2 + 3 = -2*s, -2*m - 14 = 5*s. Suppose 2*p = 2*k + 294, -k = -0*p - m*p + 437. Is p prime?
False
Let k(g) be the third derivative of -7*g**4/24 + g**3/6 - g**2. Is k(-3) a prime number?
False
Suppose -4*a - 4*f = -28, 3*a + 3 = -0*a + 5*f. Suppose 952 = a*m + 324. Is m a composite number?
False
Let j(k) = 196*k - 17. Is j(3) a prime number?
True
Suppose -2*b = -7*b + 1105. Suppose -5*h = -4*h - b. Is h a prime number?
False
Is 285/38*6/5 a prime number?
False
Suppose -152 = -6*r + 2*r. Is r a prime number?
False
Suppose 3*u = -3*g + 21, g = u - 4 + 1. Let v be 3/(5/g - 1). Suppose 3*y = 2*s - 61, v*s - 27 - 19 = -2*y. Is s prime?
False
Suppose 4*u = 2*u + 6. Suppose -u*s + 2*s = -5. Suppose 3*t + s*m = 54, 0 = -0*t + 5*t - 2*m - 121. Is t composite?
False
Let a = -3469 + 4878. Is a prime?
True
Suppose -3*s + 475 = -u, -2*s + 245 + 89 = -5*u. Is s prime?
True
Suppose -2*j + 2 = -3*j. Let t be 1 - 0 - (j + 3). Suppose 0*p + 2*p - 254 = t. Is p a prime number?
True
Suppose 2*w + 7368 = 10*w. Is w composite?
True
Let j = 2 + 69. Is j a prime number?
True
Suppose -24094 = -3*x - 11*x. Is x composite?
False
Let a = 864 + -146. Let h = a - 507. Is h composite?
False
Suppose 2*d - 127 = d. Is d a composite number?
False
Suppose 4*q - 38 + 10 = 0. Suppose -2*s + q*s = 2215. Is s a prime number?
True
Let h(o) = 6*o + 3. Let t be h(-3). Is 2/((2/t)/(-1)) a composite number?
True
Let t(h) = -1 - 5*h - 5*h + 0*h + 0*h. Is t(-2) prime?
True
Suppose 5*q - 3*u + 15 = 0, 2*q - 16 = -2*u - 6. Is 33 - 4/(-2) - q a composite number?
True
Suppose 4*w + 2*p - 16 = -2*p, -5*p + 20 = w. Suppose -3*c - 3*j + 258 = 0, w = 3*c - 5*j + 4*j - 262. Is c a prime number?
False
Let f be (-1)/(1 - (-132)/(-134)). Let s be 7/2*(-1 - f). Let z = s + -142. Is z composite?
False
Suppose 4*y + 0*y + a - 6929 = 0, a + 8650 = 5*y. Is y a prime number?
False
Let i be 7/9 + (-4)/(-18). Let c = 4 - i. Is c/2*(5 - -1) a prime number?
False
Let n = 4048 + -833. Is n a prime number?
False
Suppose 0 = -3*k - 0*k + 309. Is k + -6 - (0 - 0) a composite number?
False
Suppose -2*p - 3*u = -19, -5*p + 0*p - 5*u + 40 = 0. Let f(s) = p*s - 33*s**3 - 5*s. Is f(-1) prime?
False
Let m = 49 - 28. Let f = m - -13. Is f a composite number?
True
Let q(x) = 22*x + 1. Let h be q(2). Suppose -4*d - 2*c - h = d, 0 = -d + 3*c - 9. Let o(w) = w**3 + 11*w**2 + 7*w - 8. Is o(d) prime?
False
Let n(b) = b**3 + 8*b**2 + 5*b - 1. Let z be n(-7). Suppose -59 = -2*o + 21. Let t = z + o. Is t a composite number?
False
Let c = 11 - 14. Is (-331)/(1/(c/3)) a prime number?
True
Suppose 3*x - 94 = 119. Is x a prime number?
True
Suppose -8*i = -4617 - 1039. Is i a prime number?
False
Let k(z) = z - 2. Let f be k(4). Is (1*f)/((-2)/(-287)) prime?
False
Suppose -4*n - 4*j + j = -10619, -13282 = -5*n - j. Is n a prime number?
True
Let m = 26 + 101. Is m prime?
True
Let q be 1*(-2)/(-2)*8. Let l = q - 4. Suppose l*g = 2*g + 66. Is g composite?
True
Suppose -4*o - 4*b + 16 = 0, 0 = -o + 4*b - 10 + 4. Suppose r + 371 = o*r. Suppose 0 = 2*i - 2*l - r - 93, 3*i = 5*l + 694. Is i prime?
True
Let g(h) = 63*h**2 + 2*h + 1. Is g(-1) composite?
True
Let o = 9 - 7. Suppose -o*v = -3*v + 49. Is v 